d 47412?
108
What is the highest common factor of 15 and 167451?
3
Calculate the greatest common divisor of 5103 and 77.
7
Calculate the highest common factor of 18396 and 6804.
252
What is the highest common factor of 40932 and 48?
12
What is the greatest common factor of 655852 and 2938?
226
What is the greatest common factor of 61602 and 6?
6
What is the highest common divisor of 12 and 265008?
12
Calculate the highest common factor of 29369 and 559.
43
Calculate the highest common divisor of 341 and 649.
11
What is the greatest common divisor of 64665 and 30?
15
Calculate the greatest common divisor of 2810 and 155.
5
What is the greatest common factor of 1022 and 20426?
14
Calculate the highest common factor of 200 and 4120.
40
Calculate the greatest common divisor of 152 and 397556.
76
What is the greatest common factor of 627 and 659538?
33
What is the greatest common factor of 40 and 3850?
10
What is the highest common factor of 11424 and 3536?
272
What is the greatest common factor of 1434 and 2533161?
717
Calculate the highest common divisor of 602 and 259588.
14
What is the highest common divisor of 4160 and 5240768?
832
What is the greatest common divisor of 187758 and 305?
61
What is the highest common divisor of 3553850 and 425?
425
What is the greatest common divisor of 466689 and 219?
219
Calculate the highest common divisor of 7182 and 2240.
14
What is the greatest common factor of 19800 and 2904?
264
Calculate the highest common factor of 2935 and 35.
5
What is the highest common factor of 2952 and 22536?
72
What is the greatest common divisor of 31962 and 63?
21
Calculate the greatest common divisor of 7938 and 4998.
294
What is the greatest common divisor of 370 and 132090?
370
Calculate the highest common factor of 33522 and 5738.
302
Calculate the greatest common divisor of 31262 and 5075.
203
What is the greatest common divisor of 50 and 80425?
25
Calculate the greatest common divisor of 905 and 4887.
181
Calculate the highest common divisor of 2925 and 30349800.
2925
What is the greatest common divisor of 9399 and 507?
39
What is the highest common divisor of 240 and 354840?
120
Calculate the greatest common factor of 187 and 105451.
17
What is the highest common factor of 5 and 34695?
5
What is the highest common divisor of 3068 and 188?
4
What is the greatest common divisor of 16003 and 234?
13
Calculate the greatest common divisor of 540 and 891060.
60
What is the greatest common factor of 2345 and 4891?
67
What is the greatest common divisor of 118148 and 8?
4
What is the greatest common divisor of 434445 and 1485?
165
Calculate the highest common factor of 208 and 160056.
104
Calculate the greatest common divisor of 172348 and 88.
44
What is the highest common factor of 987 and 3901?
47
What is the highest common factor of 261 and 97788?
87
What is the highest common factor of 3456 and 4293504?
1152
What is the highest common divisor of 3861 and 7865?
143
What is the greatest common divisor of 73314 and 72?
18
Calculate the greatest common divisor of 2947 and 301.
7
Calculate the highest common divisor of 5663 and 7.
7
Calculate the highest common divisor of 9 and 67914.
9
What is the highest common divisor of 358 and 1269647?
179
What is the greatest common divisor of 919245 and 15?
15
Calculate the greatest common divisor of 9785 and 132355.
515
Calculate the greatest common divisor of 3233 and 549.
61
What is the greatest common factor of 731666 and 642?
214
Calculate the greatest common divisor of 775922 and 798.
266
What is the highest common divisor of 61356 and 96?
12
What is the greatest common factor of 504 and 1575?
63
What is the highest common factor of 152 and 505115?
19
What is the highest common factor of 638 and 50286?
58
Calculate the greatest common factor of 11285 and 1830.
305
What is the greatest common factor of 2832 and 39888?
48
What is the highest common divisor of 11250 and 10170?
90
Calculate the greatest common factor of 20 and 2097820.
20
Calculate the greatest common divisor of 378 and 401058.
378
What is the highest common divisor of 75 and 5685?
15
Calculate the highest common divisor of 14150 and 60.
10
What is the greatest common divisor of 345 and 28005?
15
What is the greatest common factor of 42810 and 15?
15
Calculate the highest common factor of 54571 and 164.
41
Calculate the greatest common factor of 218 and 36188.
218
What is the greatest common factor of 5924 and 54?
2
What is the greatest common divisor of 18 and 574560?
18
Calculate the greatest common factor of 328184 and 8.
8
Calculate the greatest common factor of 19886 and 2608.
326
What is the highest common divisor of 32481 and 324?
81
Calculate the greatest common divisor of 162 and 50130.
18
What is the highest common factor of 554 and 68?
2
Calculate the highest common factor of 1445 and 41616.
289
What is the highest common divisor of 371 and 39977?
7
Calculate the highest common factor of 352 and 193336.
88
Calculate the greatest common divisor of 4085 and 48450.
95
What is the greatest common factor of 6961 and 3?
1
What is the greatest common factor of 3146 and 663?
13
What is the greatest common divisor of 7170 and 4003250?
2390
Calculate the highest common divisor of 108885 and 2380.
595
Calculate the highest common divisor of 70 and 3282755.
35
Calculate the highest common divisor of 129 and 2800461.
129
What is the highest common divisor of 2496 and 480948?
156
What is the highest common divisor of 167 and 3573967?
167
What is the highest common divisor of 266870 and 40?
10
Calculate the greatest common divisor of 8 and 862.
2
Calculate the greatest common divisor of 81 and 3210273.
81
Calculate the greatest common factor of 119 and 541093.
119
What is the highest common factor of 15 and 784430?
5
Calculate the greatest common divisor of 7 and 13463.
1
Calculate the highest common divisor of 16488 and 180.
36
What is the greatest common divisor of 2304 and 273408?
768
Calculate the greatest common divisor of 336 and 3648.
48
Calculate the highest common factor of 9 and 1071321.
3
Calculate the greatest common factor of 71310 and 870.
30
Calculate the highest common divisor of 6024 and 24.
24
Calculate the highest common factor of 48 and 560480.
16
What is the highest common factor of 2419 and 4779?
59
Calculate the highest common factor of 22176 and 684.
36
What is the highest common factor of 9 and 1304757?
9
What is the highest common divisor of 920 and 46575?
115
Calculate the highest common factor of 704 and 244448.
32
Calculate the greatest common factor of 15312 and 10428.
132
Calculate the highest common divisor of 2142 and 612.
306
What is the highest common divisor of 2016768 and 1024?
512
What is the highest common factor of 7 and 927199?
7
What is the highest common divisor of 112 and 872116?
28
What is the greatest common factor of 120164 and 440?
44
Calculate the greatest common factor of 768 and 15152.
16
What is the greatest common factor of 63656 and 120888?
584
Calculate the greatest common divisor of 76 and 62828.
4
Calculate the highest common divisor of 673 and 3039941.
673
What is the greatest common factor of 1674126 and 102?
102
What is the highest common divisor of 516 and 163916?
172
Calculate the highest common divisor of 4512 and 5781.
141
Calculate the highest common divisor of 9696 and 25149.
303
Calculate the greatest common divisor of 11362 and 93587.
299
Calculate the highest common divisor of 2697 and 182652.
93
What is the greatest common divisor of 27775 and 50?
25
Calculate the highest common divisor of 2362575 and 15.
15
Calculate the highest common divisor of 61 and 126209.
61
Calculate the greatest common factor of 134 and 38123.
67
What is the greatest common divisor of 87503 and 106?
53
What is the greatest common divisor of 191100 and 520?
260
Calculate the highest common factor of 450 and 12123.
9
What is the greatest common factor of 3190 and 88?
22
Calculate the greatest common factor of 10563 and 5880.
21
What is the highest common factor of 1059215 and 2792?
349
Calculate the highest common factor of 27900 and 72.
36
Calculate the highest common factor of 483 and 191751.
483
Calculate the greatest common divisor of 2164 and 604297.
541
Calculate the gre